{"id":34,"date":"2023-12-22T13:49:05","date_gmt":"2023-12-22T12:49:05","guid":{"rendered":"https:\/\/blog.wearejustspecial.one\/?page_id=34"},"modified":"2023-12-31T01:09:05","modified_gmt":"2023-12-31T00:09:05","slug":"ueber-mich-und-meine-vitiligo","status":"publish","type":"page","link":"https:\/\/blog.wearejustspecial.one\/?page_id=34","title":{"rendered":"\u00fcber mich und mein Vitiligo"},"content":{"rendered":"\n<div class=\"wp-block-group alignfull has-accent-background-color has-background is-layout-constrained wp-container-core-group-is-layout-2 wp-block-group-is-layout-constrained\" style=\"margin-top:0;margin-bottom:0;padding-top:var(--wp--preset--spacing--50);padding-right:var(--wp--preset--spacing--50);padding-bottom:var(--wp--preset--spacing--50);padding-left:var(--wp--preset--spacing--50)\">\n<div class=\"wp-block-columns alignwide is-layout-flex wp-container-core-columns-is-layout-1 wp-block-columns-is-layout-flex\">\n<div class=\"wp-block-column is-vertically-aligned-stretch is-layout-flow wp-block-column-is-layout-flow\" style=\"flex-basis:50%\">\n<div class=\"wp-block-group is-vertical is-content-justification-stretch is-layout-flex wp-container-core-group-is-layout-1 wp-block-group-is-layout-flex\" style=\"min-height:100%\">\n<p>Ich bin Eike (Jahrgang 1977) und war 26, als mich mein Hausarzt zum Hautarzt \u00fcberwiesen hat. Er konnte oder wollte nicht genau wissen was es mit dem pl\u00f6tzlichen wei\u00dfen Fleck unter meinem linken Auge auf sich hatte.<br><br>Der Besuch beim Hautarzt war ern\u00fcchternd und ganz ehrlich &#8211; schrecklich. Nach kurzer Wartezeit ging ich in eines der Zimmer, die der Arzt reihum abklapperte. Er st\u00fcrmte ins Zimmer, Freundlichkeiten oder zumindest eine Begr\u00fc\u00dfung gab es nicht, sah mir 3 Sekunden ins Gesicht, griff sich einen dieser quadratischen Zettel aus dem Zettelspender und schrieb &#8218;Vitiligo&#8216; drauf. Mit den Worten &#8222;k\u00f6nnen sie alles nachlesen&#8220; verschwand er ohne weitere Worte aus dem Zimmer. Spontan war ich ein wenig \u00fcberfordert und hab das gemacht, was mir am logischsten erschien. Ich habe gewartet. <\/p>\n\n\n\n<p>Schlie\u00dflich war ich bei jemandem zu Gast und weder er noch ich hatte sich verabschiedet. Es vergingen ca. 20min bis die T\u00fcr wie schon beim ersten Mal aufflog und der Arzt reinkam. Diesmal war aber er verdattert. &#8222;Sie sind ja noch immer da?!&#8220; sagte er. &#8222;Ja, sicher. Warum denn nicht? Ich hatte nicht das Gef\u00fchl, dass wir fertig waren.&#8220; antwortete ich. &#8222;Ich hab Ihnen doch aufgeschrieben was es ist. Da kann man sowieso nichts machen.&#8220; war seine maximal n\u00fcchterne Feststellung. Und zack war er wieder weg. <br><br>Also ging ich auch und machte mich zu Hause (jo, echt &#8211; mobiles Internet und Smartphones gab es damals noch nicht) dran im Internet zu recherchieren was &#8218;Vitiligo&#8216; ist.<\/p>\n\n\n\n<p><\/p>\n\n\n\n<p><\/p>\n<\/div>\n<\/div>\n\n\n\n<div class=\"wp-block-column is-vertically-aligned-center is-layout-flow wp-block-column-is-layout-flow\" style=\"flex-basis:50%\">\n<figure class=\"wp-block-image size-large is-style-rounded\"><img loading=\"lazy\" decoding=\"async\" width=\"768\" height=\"1024\" src=\"https:\/\/blog.wearejustspecial.one\/wp-content\/uploads\/2023\/12\/Doose-Eike_Freizeit_2020_2021-768x1024.jpg\" alt=\"\" class=\"wp-image-35\" style=\"aspect-ratio:3\/4;object-fit:cover\" srcset=\"https:\/\/blog.wearejustspecial.one\/wp-content\/uploads\/2023\/12\/Doose-Eike_Freizeit_2020_2021-768x1024.jpg 768w, https:\/\/blog.wearejustspecial.one\/wp-content\/uploads\/2023\/12\/Doose-Eike_Freizeit_2020_2021-225x300.jpg 225w, https:\/\/blog.wearejustspecial.one\/wp-content\/uploads\/2023\/12\/Doose-Eike_Freizeit_2020_2021-1152x1536.jpg 1152w, https:\/\/blog.wearejustspecial.one\/wp-content\/uploads\/2023\/12\/Doose-Eike_Freizeit_2020_2021.jpg 1200w\" sizes=\"auto, (max-width: 768px) 100vw, 768px\" \/><\/figure>\n<\/div>\n<\/div>\n<\/div>\n","protected":false},"excerpt":{"rendered":"<p>Ich bin Eike (Jahrgang 1977) und war 26, als mich mein Hausarzt zum Hautarzt \u00fcberwiesen hat. Er konnte oder wollte nicht genau wissen was es mit dem pl\u00f6tzlichen wei\u00dfen Fleck unter meinem linken Auge auf sich hatte. Der Besuch beim Hautarzt war ern\u00fcchternd und ganz ehrlich &#8211; schrecklich. Nach kurzer Wartezeit ging ich in eines &hellip;<\/p>\n<p class=\"read-more\"> <a class=\"\" href=\"https:\/\/blog.wearejustspecial.one\/?page_id=34\"> <span class=\"screen-reader-text\">\u00fcber mich und mein Vitiligo<\/span> Weiterlesen &raquo;<\/a><\/p>\n","protected":false},"author":2,"featured_media":0,"parent":0,"menu_order":0,"comment_status":"closed","ping_status":"closed","template":"","meta":{"site-sidebar-layout":"default","site-content-layout":"","ast-site-content-layout":"","site-content-style":"default","site-sidebar-style":"default","ast-global-header-display":"","ast-banner-title-visibility":"","ast-main-header-display":"","ast-hfb-above-header-display":"","ast-hfb-below-header-display":"","ast-hfb-mobile-header-display":"","site-post-title":"","ast-breadcrumbs-content":"","ast-featured-img":"","footer-sml-layout":"","theme-transparent-header-meta":"","adv-header-id-meta":"","stick-header-meta":"","header-above-stick-meta":"","header-main-stick-meta":"","header-below-stick-meta":"","astra-migrate-meta-layouts":"default","ast-page-background-enabled":"default","ast-page-background-meta":{"desktop":{"background-color":"var(--ast-global-color-4)","background-image":"","background-repeat":"repeat","background-position":"center center","background-size":"auto","background-attachment":"scroll","background-type":"","background-media":"","overlay-type":"","overlay-color":"","overlay-gradient":""},"tablet":{"background-color":"","background-image":"","background-repeat":"repeat","background-position":"center center","background-size":"auto","background-attachment":"scroll","background-type":"","background-media":"","overlay-type":"","overlay-color":"","overlay-gradient":""},"mobile":{"background-color":"","background-image":"","background-repeat":"repeat","background-position":"center center","background-size":"auto","background-attachment":"scroll","background-type":"","background-media":"","overlay-type":"","overlay-color":"","overlay-gradient":""}},"ast-content-background-meta":{"desktop":{"background-color":"var(--ast-global-color-5)","background-image":"","background-repeat":"repeat","background-position":"center center","background-size":"auto","background-attachment":"scroll","background-type":"","background-media":"","overlay-type":"","overlay-color":"","overlay-gradient":""},"tablet":{"background-color":"var(--ast-global-color-5)","background-image":"","background-repeat":"repeat","background-position":"center center","background-size":"auto","background-attachment":"scroll","background-type":"","background-media":"","overlay-type":"","overlay-color":"","overlay-gradient":""},"mobile":{"background-color":"var(--ast-global-color-5)","background-image":"","background-repeat":"repeat","background-position":"center center","background-size":"auto","background-attachment":"scroll","background-type":"","background-media":"","overlay-type":"","overlay-color":"","overlay-gradient":""}},"footnotes":""},"class_list":["post-34","page","type-page","status-publish","hentry"],"jetpack_sharing_enabled":true,"_links":{"self":[{"href":"https:\/\/blog.wearejustspecial.one\/index.php?rest_route=\/wp\/v2\/pages\/34","targetHints":{"allow":["GET"]}}],"collection":[{"href":"https:\/\/blog.wearejustspecial.one\/index.php?rest_route=\/wp\/v2\/pages"}],"about":[{"href":"https:\/\/blog.wearejustspecial.one\/index.php?rest_route=\/wp\/v2\/types\/page"}],"author":[{"embeddable":true,"href":"https:\/\/blog.wearejustspecial.one\/index.php?rest_route=\/wp\/v2\/users\/2"}],"replies":[{"embeddable":true,"href":"https:\/\/blog.wearejustspecial.one\/index.php?rest_route=%2Fwp%2Fv2%2Fcomments&post=34"}],"version-history":[{"count":9,"href":"https:\/\/blog.wearejustspecial.one\/index.php?rest_route=\/wp\/v2\/pages\/34\/revisions"}],"predecessor-version":[{"id":193,"href":"https:\/\/blog.wearejustspecial.one\/index.php?rest_route=\/wp\/v2\/pages\/34\/revisions\/193"}],"wp:attachment":[{"href":"https:\/\/blog.wearejustspecial.one\/index.php?rest_route=%2Fwp%2Fv2%2Fmedia&parent=34"}],"curies":[{"name":"wp","href":"https:\/\/api.w.org\/{rel}","templated":true}]}}